.
3, 5
Suppose 5*o + 15 = j - 0*j, 5*o - 5 = 3*j. Let b(y) = 4 + 0 + 7*y - 5 + y**2 - 8. What are the prime factors of b(j)?
3, 7
Let g(r) = -r**3 - 9*r**2 - 2*r - 13. Let f be (-10)/(-4)*(8 + -6). Let o(q) = -2*q + 1. Let t be o(f). What are the prime factors of g(t)?
5
Let z = -10 + 13. Let p be ((-2)/z)/((-20)/90). Suppose 54 = -i + p*i. What are the prime factors of i?
3
Suppose 0 = -29*z + 554 + 548. List the prime factors of z.
2, 19
Let m = 22 - 50. Let k = m - -264. List the prime factors of k.
2, 59
Let s = -533 + 1321. What are the prime factors of s?
2, 197
Suppose -4*p = 2*k - 25424, 0 = 12*p - 7*p - 3*k - 31758. What are the prime factors of p?
2, 3, 353
Let z(m) = 88*m + 1. Let w(y) = -44*y. Let o = 6 - 8. Let h(u) = o*z(u) - 5*w(u). What are the prime factors of h(1)?
2, 3, 7
Suppose -70527 - 18516 = -67*t. List the prime factors of t.
3, 443
Suppose -5*m + m = -h + 12, -5*m + 90 = 4*h. Let c(i) = -i**3 + 19*i**2 + 25*i + 1. List the prime factors of c(h).
101
Let r be 5 + -8 - (-12)/1. Suppose -2*u - t = 2*t - 70, -5*t - r = -u. List the prime factors of u.
29
Suppose -1504*h - 16212 = -1508*h. List the prime factors of h.
3, 7, 193
Suppose -2*t + 12 + 0 = 0. Let o = t + -2. Suppose o*a - 24 = -2*p - 0*p, p - a = 9. List the prime factors of p.
2, 5
Suppose 8*m + 56 = -0*m. Let d(t) = 2*t**2 + 7*t + 11. List the prime factors of d(m).
2, 3, 5
Let s(m) be the second derivative of -m**5/20 - m**3/6 + 3*m**2/2 + 12*m. Suppose 3*y = -3 - 6. What are the prime factors of s(y)?
3, 11
Let b be (-4)/(-6) + 1900/30. Suppose -69 = -x - 3*v, 4*x - 4*v + b = 308. List the prime factors of x.
3, 7
Let j = 1432 - 827. Suppose 0 = 3*p + 5*l - j, 3*p + 3*l - 173 = 430. What are the prime factors of p?
2, 5
List the prime factors of 4034*(-10)/(-4 - 16).
2017
Suppose -3*b = 3*a + 31 + 68, b + 2*a + 38 = 0. Let t be (-231)/b - (-2)/(-8). Suppose 12*x - 144 = t*x. List the prime factors of x.
2, 3
Let l(u) = u**3 + 9*u**2 - 11*u - 7. Let n be l(-10). Suppose -2*p - 111 = 3*p + 4*b, 0 = -n*p + 5*b - 37. Let w = 33 + p. What are the prime factors of w?
2, 7
Suppose -11*w = -8*w + 51. List the prime factors of (-4 + -7)/(1/w).
11, 17
Suppose -4*v - 143 = -5*q, q - 3*v + 75 = 4*q. Let g = 32 - q. Let c = g - -41. List the prime factors of c.
2, 23
What are the prime factors of (-16 + (-319)/(-22))/(2/(-2616))?
2, 3, 109
Let z = -160 + 2347. List the prime factors of z.
3
Let q = 9 + -6. Suppose q*k - u = 0, -4*k + 2*u = -u - 5. Let v = k - -6. List the prime factors of v.
5
Let y(w) = 2*w**3 + 14*w**2 - 12*w + 18. Let h be y(-8). Suppose -5*o = 2*q - 48, -5*q + 0*q + 5*o = -190. Let j = h + q. What are the prime factors of j?
2, 5
Let j = 10 - 16. Let n be (j/(-15))/((-4)/60). Let x(h) = h**3 + 7*h**2 + 5*h + 6. What are the prime factors of x(n)?
2, 3
Suppose m + 4 = 3*m. Let i be 2 - (0 - 0)/m. Suppose i*b - 31 - 33 = 0. List the prime factors of b.
2
Let l(d) = 10*d**3 + 2*d**2 + d - 2. Let p be l(1). Let o be (3 - 3/(-6))*2. Suppose n - o = p. List the prime factors of n.
2, 3
Let o be (-10 + 3 + 4)/((-1)/29). Let v = 60 + o. What are the prime factors of v?
3, 7
Let l = 78 - 19. Suppose 2*d + 5*u - l = 0, d + 0*u = 3*u + 24. What are the prime factors of d?
3
What are the prime factors of (-46)/14 - (-20)/70 - -330?
3, 109
Let n = -41 + 24. Let b = n - -26. Let g(t) = -t**2 + 10*t - 7. What are the prime factors of g(b)?
2
Let x be 1/2 - (-462)/4. Let b(j) = j**2 + 14*j - 44. Let h be b(-11). Let d = h + x. List the prime factors of d.
3, 13
Let x(n) = 2*n**2 + 4 - 5 - n + 3 - 5*n. Let t be x(4). Let m = t - -13. What are the prime factors of m?
23
Suppose -587*r = -586*r - 1394. List the prime factors of r.
2, 17, 41
Suppose -6*n + n = -900. Suppose 5*g - 641 = -3*a, -3*g + 193 + n = -4*a. List the prime factors of g.
127
Suppose 0 = 3*k - 9*k - 42. Let i = k + 28. List the prime factors of i.
3, 7
Suppose -2*q - 3*f - 175 = 2*q, f + 85 = -2*q. Suppose -2 = 5*x + 88. Let n = x - q. What are the prime factors of n?
2, 11
Suppose -4*p = 5 - 1, -5*n + 6479 = -4*p. List the prime factors of n.
5, 7, 37
What are the prime factors of (9367/(-57))/(2 + (-14)/6)?
17, 29
Suppose 0 = -3*z + 4*b + 397, 5*b - 538 = -4*z + 6*b. Suppose -8*h + z = -41. List the prime factors of h.
2, 11
Suppose 3 + 3 = -n - 2*o, 3*n - 2*o - 22 = 0. Suppose v + n*v = 165. What are the prime factors of v?
3, 11
Let w(x) = -x - 4. Let n be w(-10). Let r(m) = 10*m + n - 4 - m**2 - 7. List the prime factors of r(5).
2, 5
Let y(h) = 5 + 2*h**2 - 4 - 2*h + 8*h + 0. Let x(k) = k**3 + k - 5. Let a be x(0). What are the prime factors of y(a)?
3, 7
Suppose 2*b - 162 = -0*b + 4*z, -4*b = 4*z - 300. List the prime factors of b.
7, 11
Suppose -1388 = -l + 2*m, -5*l + 5*m - 2*m + 6912 = 0. List the prime factors of l.
2, 3, 5, 23
Let s = -259 + 137. Let v = 262 + s. Suppose -r = 4*r - v. What are the prime factors of r?
2, 7
Let h(c) = 69*c + 6. Let a be h(3). Let b = 427 - a. What are the prime factors of (-3)/(-12) + b/8?
3
Let r(y) = y**2 - 2*y + 2. Suppose -5*n - 17 = -u, 2*u - 3*n - 9 = 4. Let c be r(u). Suppose c*v = -2*v + 116. List the prime factors of v.
29
Let a = 1685 - 657. List the prime factors of a.
2, 257
Suppose -3*a = 15, -4*p = -5*p - 5*a - 26. What are the prime factors of 2 - -6*(-39)/p?
2, 59
Let b be 2 + -8 - (-1 + -1). Let r be 1*(2 + -3)*b. Suppose -5*p = -i + 2*i, 95 = 3*i - r*p. List the prime factors of i.
5
Let n = -354 + 659. List the prime factors of n.
5, 61
Let p = 11 - -49. Let l be p/9*36/(-8). List the prime factors of 20/l*54/(-2).
2, 3
Let q(b) = -67*b + 979. What are the prime factors of q(0)?
11, 89
Let v = 20 + -7. Suppose 3*m + 20 = -v. Let k = m + 23. List the prime factors of k.
2, 3
Let a = 20 + -20. Suppose -3*v = 3*h, a*h + 2*h = -10. What are the prime factors of (-65)/26*(-26)/v?
13
Suppose -40 = -9*o + o. Suppose -1 - 30 = -j + 3*c, 101 = o*j + 3*c. What are the prime factors of j?
2, 11
Let q be (18/8)/(2/16). Let a(d) = d**3 - 18*d**2 - d + 22. What are the prime factors of a(q)?
2
List the prime factors of ((-6)/(-10))/(2*(-13)/(-27430)).
3, 211
Let h(i) = -i - 10. Let c be h(-12). Suppose -c*v = 2 - 34. List the prime factors of v.
2
Let y(d) = -3*d**3 + 5*d**3 - 2*d**2 - d**3 + 9 - 3*d**2 + 3*d. Let z be y(5). Suppose -q + 6 + z = 0. What are the prime factors of q?
2, 3, 5
Suppose -4*t = -p - 0*t - 9, 0 = -2*p - 5*t + 8. What are the prime factors of -10 + 12 - (-3 + p)?
2, 3
What are the prime factors of 2 - 84/49 - 10239/(-7)?
7, 11, 19
Let x(c) = c**2 - 8*c + 5. Let q be x(8). Suppose 189 = q*j - 1. Suppose -f = -2*f + n + 23, f = 4*n + j. List the prime factors of f.
2, 3
Suppose 566 = -3*x + 56. List the prime factors of (-241)/(-9) - (-4 - x/45).
3
Suppose 16*w + 761 + 215 = 0. Let i = 199 + w. List the prime factors of i.
2, 3, 23
Suppose -10012 - 8012 = -8*j. What are the prime factors of j?
3, 751
Let r(v) = 157 + 0*v**3 + v**3 - 165 + 20*v**2 - 24*v. What are the prime factors of r(-21)?
5, 11
Let k = 7059 - 1340. What are the prime factors of k?
7, 19, 43
Suppose 0 = -4*h - 5*i + 1091, -5*h + 564 + 806 = 5*i. Suppose 0 = 5*y, -x + 3*y - h = -4*x. Let q = x - 35. What are the prime factors of q?
2, 29
What are the prime factors of -4*(-4)/48 + (-13734)/(-27)?
509
Let w(i) = -3*i + 259*i**2 + 4*i + 2*i - 1 - 4*i. List the prime factors of w(1).
257
Let s be (6*2)/(2/2). Let j = 12 - s. Suppose j*x + 5*x = -2*r + 14, -3*x + 14 = 4*r. What are the prime factors of x?
2
Suppose -4*d + 3900 + 1204 = 0. Suppose d = 10*a - 114. What are the prime factors of a?
139
Let l(v) = -v**2 - 22*v + 231. What are the prime factors of l(0)?
3, 7, 11
Let y(r) = r**3 - 4*r**2 - r + 5. Let l be y(4). Let c be -12*(l + 21/(-4)). Suppose u + 2*u - c = 0. List the prime factors of u.
17
Let i = -261 + 179. Let o = i + 174. List the prime factors of o.
2, 23
Let u = 7670 + -5108. List the prime factors of u.
2, 3, 7, 61
Let q(a) = -20*a + 3. Let x(o) = o + 1. Let i(u) = -q(u) - 2*x(u). What are the prime factors of i(5)?
5, 17
Let j = -41 - -69. List the prime factors of ((-18)/(-21) - 0)*j.
2, 3
Suppose 5 = 5*a - 45. Let p(q) = 21*q + 19. List the prime factors of p(a).
229
Let b = -733 + 1994. What are the prime factors of b?
13, 97
Suppose -